1873 is divided by 3002.
2707
Calculate the remainder when 8978 is divided by 835.
628
Calculate the remainder when 1315334 is divided by 210.
104
What is the remainder when 1285352 is divided by 606?
26
What is the remainder when 13887888 is divided by 1983984?
0
What is the remainder when 238974640 is divided by 21?
16
What is the remainder when 5988450 is divided by 230325?
0
What is the remainder when 45714 is divided by 5574?
1122
What is the remainder when 173714 is divided by 344?
338
Calculate the remainder when 22211662 is divided by 6847.
6841
What is the remainder when 5736209 is divided by 1911649?
1262
What is the remainder when 370944 is divided by 72414?
8874
What is the remainder when 113623 is divided by 505?
503
What is the remainder when 3256212 is divided by 117?
102
Calculate the remainder when 49535 is divided by 3668.
1851
What is the remainder when 1311986 is divided by 761?
22
Calculate the remainder when 39300 is divided by 10969.
6393
Calculate the remainder when 632120 is divided by 859.
755
Calculate the remainder when 51271568 is divided by 30.
8
What is the remainder when 1086617 is divided by 224?
217
What is the remainder when 49448 is divided by 296?
16
What is the remainder when 1142143 is divided by 51914?
35
What is the remainder when 367289372 is divided by 563?
558
What is the remainder when 2573211 is divided by 128660?
11
What is the remainder when 4411787 is divided by 2103?
1796
What is the remainder when 50502 is divided by 1245?
702
Calculate the remainder when 3417877 is divided by 295.
7
Calculate the remainder when 1274876 is divided by 60707.
29
What is the remainder when 5535334 is divided by 12328?
62
What is the remainder when 413880 is divided by 47?
45
Calculate the remainder when 4773661 is divided by 791.
767
Calculate the remainder when 305101 is divided by 280.
181
Calculate the remainder when 17657 is divided by 16828.
829
What is the remainder when 186653 is divided by 614?
611
Calculate the remainder when 304106 is divided by 4759.
4289
What is the remainder when 18576749 is divided by 627?
620
What is the remainder when 215434 is divided by 6522?
208
What is the remainder when 897263047 is divided by 769?
768
What is the remainder when 17657 is divided by 1960?
17
Calculate the remainder when 14758933 is divided by 3689732.
5
Calculate the remainder when 655924 is divided by 901.
897
Calculate the remainder when 85858 is divided by 254.
6
What is the remainder when 122246 is divided by 5663?
3323
What is the remainder when 1548616 is divided by 19590?
1006
What is the remainder when 36228 is divided by 16690?
2848
What is the remainder when 158364 is divided by 158341?
23
What is the remainder when 10390008 is divided by 238?
118
What is the remainder when 87516507 is divided by 173300?
7
Calculate the remainder when 450861 is divided by 157.
114
Calculate the remainder when 52828670 is divided by 56744.
6
What is the remainder when 183087 is divided by 7822?
3181
Calculate the remainder when 400389 is divided by 214.
209
What is the remainder when 603890 is divided by 201233?
191
What is the remainder when 15664962 is divided by 26?
14
Calculate the remainder when 47080973 is divided by 114.
113
What is the remainder when 6703119 is divided by 1182?
1179
What is the remainder when 2450864 is divided by 272316?
20
What is the remainder when 403342 is divided by 875?
842
Calculate the remainder when 132957 is divided by 1563.
102
What is the remainder when 13860717 is divided by 648?
645
Calculate the remainder when 2238485 is divided by 9327.
5
What is the remainder when 10397 is divided by 4643?
1111
Calculate the remainder when 101318424 is divided by 441.
438
Calculate the remainder when 3344735 is divided by 281.
273
What is the remainder when 782188 is divided by 118?
84
What is the remainder when 3880 is divided by 3385?
495
Calculate the remainder when 141543 is divided by 13942.
2123
Calculate the remainder when 145748 is divided by 14534.
408
Calculate the remainder when 30212486 is divided by 319.
315
What is the remainder when 110226085 is divided by 2754?
2743
What is the remainder when 43972038 is divided by 3568?
6
Calculate the remainder when 11804011 is divided by 1967334.
7
Calculate the remainder when 503764742 is divided by 55.
52
What is the remainder when 42672507 is divided by 89?
33
What is the remainder when 114303331 is divided by 3518?
3511
What is the remainder when 17428 is divided by 3496?
3444
What is the remainder when 427716 is divided by 427709?
7
What is the remainder when 171895 is divided by 15581?
504
What is the remainder when 563388 is divided by 9716?
9576
Calculate the remainder when 772073 is divided by 222.
179
What is the remainder when 2215165 is divided by 5709?
73
Calculate the remainder when 54941984 is divided by 43.
24
What is the remainder when 261708 is divided by 6417?
5028
Calculate the remainder when 212073 is divided by 406.
141
What is the remainder when 1652819 is divided by 204?
11
What is the remainder when 17516647 is divided by 776?
775
What is the remainder when 610813 is divided by 2414?
71
Calculate the remainder when 3855503 is divided by 32671.
325
What is the remainder when 133891053 is divided by 39?
36
What is the remainder when 177902423 is divided by 2472?
2471
What is the remainder when 79688 is divided by 36311?
7066
Calculate the remainder when 187801 is divided by 3756.
1
Calculate the remainder when 17852195 is divided by 5950729.
8
What is the remainder when 4210669 is divided by 15?
4
What is the remainder when 1546051 is divided by 293?
183
What is the remainder when 4525038 is divided by 1131259?
2
Calculate the remainder when 152153944 is divided by 423.
421
What is the remainder when 186918 is divided by 698?
552
Calculate the remainder when 219736853 is divided by 814.
809
What is the remainder when 19423696 is divided by 29564?
148
What is the remainder when 31591350 is divided by 89?
88
What is the remainder when 42229 is divided by 42218?
11
Calculate the remainder when 176273 is divided by 508.
505
What is the remainder when 205062146 is divided by 1476?
1466
What is the remainder when 76770811 is divided by 106?
99
Calculate the remainder when 1002556 is divided by 595.
576
What is the remainder when 2145984 is divided by 10122?
120
Calculate the remainder when 1758396210 is divided by 63.
60
What is the remainder when 6678233 is divided by 40?
33
Calculate the remainder when 41790 is divided by 12846.
3252
What is the remainder when 1245218 is divided by 15948?
1274
What is the remainder when 64993 is divided by 1570?
623
What is the remainder when 94455 is divided by 198?
9
What is the remainder when 44127 is divided by 137?
13
What is the remainder when 64393 is divided by 4581?
259
What is the remainder when 159667 is divided by 444?
271
Calculate the remainder when 439082 is divided by 12.
2
Calculate the remainder when 137139 is divided by 4102.
1773
Calculate the remainder when 1217438 is divided by 2200.
838
Calculate the remainder when 6176641 is divided by 6557.
6504
What is the remainder when 200734 is divided by 1592?
142
What is the remainder when 1223690 is divided by 19?
14
Calculate the remainder when 13635045 is divided by 2344.
2341
What is the remainder when 48339 is divided by 580?
199
Calculate the remainder when 325235 is divided by 57.
50
What is the remainder when 123306 is divided by 899?
143
Calculate the remainder when 834632 is divided by 1810.
222
Calculate the remainder when 48568015 is divided by 315.
55
What is the remainder when 410328 is divided by 51276?
120
Calculate the remainder when 63098489 is divided by 435.
434
Calculate the remainder when 348239 is divided by 115835.
734
What is the remainder when 107983 is divided by 2249?
31
Calculate the remainder when 4227412 is divided by 3097.
7
What is the remainder when 534799 is divided by 1849?
438
What is the remainder when 17288165 is divided by 1544?
1541
Calculate the remainder when 7441718 is divided by 1860381.
194
What is the remainder when 482610 is divided by 96367?
775
What is the remainder when 3741795 is divided by 1247190?
225
What is the remainder when 61155 is divided by 369?
270
Calculate 